
7
Let j(c) be the third derivative of c**5/20 + 5*c**4/24 + c**3/2 + 12*c**2. What is the hundreds digit of j(6)?
1
Suppose -2*n + 2072 + 750 = 0. What is the units digit of n?
1
Let n = -1417 - -2417. What is the units digit of n?
0
Suppose m - 6 = 2*m. Let f(w) = 4 + 20 - 12 - 5*w + 1. What is the units digit of f(m)?
3
Let u(o) = 2*o**2 + 2*o**2 + 4*o**2 - 3*o**2 - 5*o. Let d(f) = 6*f**2 - 6*f. Let k(r) = 6*d(r) - 7*u(r). What is the units digit of k(2)?
2
Let v = 805 - -2253. Suppose d + 10*d = v. What is the units digit of d?
8
Let d be 3/(-4 + (-11)/(-3)). What is the units digit of (5/((-5)/(-3)))/(d/(-222))?
4
Let w be (-2)/7 - (-360)/84. Suppose -l + 16 = -3*l - x, l + w*x - 6 = 0. What is the units digit of (l/15)/((-1)/18)?
2
Let l(c) = -c**2 - 4*c - 1. Let w be l(-3). Let j(g) = 3 - g**2 + 3*g**w - 3*g**2 - 8*g - 1. What is the units digit of j(-4)?
8
Let x = -2 - -7. Let r(h) = -h**2 - 6 + x + 23*h**3 + h + 0 + h. What is the tens digit of r(1)?
2
Let k be (-6)/12*34 - (-3 + 1). What is the tens digit of k*(0 + -3)/3?
1
Let v be (-3556)/(-20) + 1/5. Suppose -3*a + 70 = 3*b - 173, -v = -2*b + 2*a. What is the tens digit of b?
8
Suppose -2*k + 8 = -0*k, 5*k + 64 = 4*o. Suppose 2*z + z + o = 0. Let m = 16 - z. What is the tens digit of m?
2
Let z(i) = i**3 - 7*i**2 + 13*i + 1. Let v be z(4). Suppose -3*k + 40 + 7 = v*p, 5*k - 25 = -3*p. What is the tens digit of p?
1
Let j = 4 - -44. Suppose j = -5*m + m. What is the units digit of 1*-2*m/3?
8
Let j = -439 - -1963. What is the units digit of j?
4
Suppose -238*a = -231*a - 7455. What is the units digit of a?
5
What is the tens digit of (-9)/(324/(-8)) - (-50090)/18?
8
Suppose -31 = -3*l + 5*y, -5*l + 2*y - 3*y + 5 = 0. Let a be ((11 - l) + -1)/1. What is the tens digit of (a/(-3))/(16/(-72))?
1
Let s(n) = -187*n - 1. Let m = 116 - 117. What is the hundreds digit of s(m)?
1
Let i(x) = 4*x + 11. Let g be i(-3). What is the tens digit of (0 - g)/1*41?
4
Let g(z) = z**3 - 33*z**2 + 33*z - 18. What is the units digit of g(32)?
4
Let c(l) = -l**2 + 22*l - 1. Let p be c(22). What is the tens digit of (19 - 3) + (2 - p)?
1
Let h = 1497 - 641. What is the units digit of h?
6
Suppose 230 + 190 = 7*g. What is the tens digit of g + -4 + (-6)/2?
5
Let b(l) = 2*l - 1. Let z be b(2). Suppose z*c + 33 = -3. Let x = c - -23. What is the tens digit of x?
1
Let u = -22 - -270. Let d = u + -122. What is the units digit of d?
6
Suppose 0 = 4*s - 28 - 0. What is the tens digit of 3 - (-3 + s)*-7?
3
Let z be 8 + -6 - 0/(-1). Suppose 4*a - 5*o - 264 = 0, -z*a - 2*o + 53 = -61. What is the tens digit of a?
6
What is the thousands digit of 3088 - -1 - (-40 + 48)?
3
Let h be 1446/6 - (1 + 0). Suppose -6*x = -0*x - h. What is the units digit of x?
0
Let q = 81 - 72. What is the units digit of -4*282/q*(-24)/16?
8
What is the tens digit of 10/60 + (-2)/((-12)/4499)?
5
Suppose -21 = 6*n + n. What is the units digit of (n/1)/((-6)/136)?
8
Suppose -5*x + 6*c + 949 = 9*c, 4*c = -8. What is the hundreds digit of x?
1
Let f(p) = -155*p**3 - 3*p**2 + 4*p + 4. Let o(v) = -156*v**3 - 3*v**2 + 4*v + 3. Let m(w) = 6*f(w) - 7*o(w). What is the hundreds digit of m(1)?
1
Let d(q) = -5*q - 26. Let j be d(-6). Suppose -j*s + 2*w + 355 = s, w - 202 = -3*s. What is the units digit of s?
9
Let a(k) = -2*k - 12. Let d(i) = i. Let v(m) = -a(m) + 6*d(m). What is the hundreds digit of v(22)?
1
Let l = 884 + -2. What is the units digit of l?
2
Suppose -3*c + 6 = -c. Suppose 0 = -2*q - l + 55, c*l = -3 + 6. What is the tens digit of q?
2
Let a(o) = -o**3 + 27*o**2 + 18*o - 26. What is the units digit of a(25)?
4
Let s be 20/16 + (-6)/(-8). Suppose 25 = 5*v, -4*g - 2 + 0 = s*v. What is the units digit of 1 - (-26 + g/(-3))?
6
What is the tens digit of 21765/65 - (-8)/52?
3
Let r(a) = -121*a - 258. What is the thousands digit of r(-19)?
2
Let p(h) = -22*h**2 + h - 4. Let x(r) = 44*r**2 - 2*r + 7. Let z(y) = 5*p(y) + 3*x(y). Suppose -3*c - 2*a = 5 - 2, 3*a = -9. What is the units digit of z(c)?
2
Let p(l) = -7*l - 1 - 3 + l - 3*l. Let d be (-3 + 0 - -2)*3. What is the tens digit of p(d)?
2
Let s = 2726 + -1535. What is the thousands digit of s?
1
What is the tens digit of (-10 + -2 - 4)/(2/(-50))?
0
Let w = -66 + 57. Let r(u) = u**3 + 13*u**2 + 22*u + 14. What is the tens digit of r(w)?
4
What is the tens digit of 2840/28 + (-21)/49?
0
What is the tens digit of ((-1269)/(-6) + -2)/((-22)/(-44))?
1
Let j = 22 + -13. Suppose -3*i = -j - 3. What is the units digit of ((-126)/(-56))/(1/i)?
9
Suppose 3*m - 4*m + 4009 = r, 4*m = 3*r + 16050. What is the tens digit of m?
1
Let c(d) = -d**3 + 2*d**2 + 3*d - 2. Let r be c(-3). Suppose -3*x = -5*f + 485, -f - r + 114 = -4*x. What is the tens digit of f?
0
Let o = 5 + -13. Let a = -64 + 62. What is the units digit of 161/28 + a/o?
6
What is the thousands digit of (-5 - -1)/(16/(-21672))?
5
Suppose 13*b - 15*b = -526. What is the units digit of b?
3
Let d = 5172 - 2945. What is the tens digit of d?
2
Let c(d) = 66*d - 15. What is the tens digit of c(8)?
1
Let c = 33 - 29. Suppose 4*n + c*u - 70 - 2 = 0, u - 98 = -5*n. What is the tens digit of n?
2
Suppose 31*p = 52*p - 8127. What is the units digit of p?
7
Suppose 4283 = 11*g - 6464. What is the units digit of g?
7
What is the tens digit of 7/42*3 - (-141)/2?
7
Suppose 0 = 4*d - 2*d + 12. Let r be 849/45 + ((-51)/(-45) - 1). Let t = r - d. What is the tens digit of t?
2
Let k = 2180 + -1445. What is the hundreds digit of k?
7
Suppose 3*d = -3*c + 1536, c = 4*c - 3*d - 1542. What is the hundreds digit of c?
5
Suppose 13*t - v = 16*t - 3541, 5*v = -3*t + 3533. What is the hundreds digit of t?
1
Let q(c) = -c**2 + 4*c - 5. Let w be q(7). Let x = -31 - -19. Let f = x - w. What is the tens digit of f?
1
Suppose 16*r - 18*r = -1468. What is the hundreds digit of r?
7
Let n be 12/28 + (-36)/(-14). Let t be -3 - (-2*n + 1). What is the units digit of (-152)/(-56) + t/7?
3
Suppose t = 4*z - 12085, -3010 = -z + 11*t - 7*t. What is the thousands digit of z?
3
Suppose 1 = -6*y + 25. Suppose -y*l - l + 705 = 0. What is the units digit of l?
1
Suppose -p - 3*p = 12. Let o be (2/p)/((-18)/27). Suppose m - o = 3. What is the units digit of m?
4
Let c(y) = -y**2 - 24*y - 24. Let w be c(-19). Let b = w - -66. What is the units digit of b?
7
Suppose g - 2 - 2 = 0. Let f be g/16 - (-23)/4. What is the tens digit of (-24)/36 - (-94)/f?
1
What is the tens digit of (-7350)/(-125)*(-5)/(-2)?
4
Suppose -9*w = -149 - 6592. Suppose -4*m - v + w - 111 = 0, 4*v = 8. What is the units digit of m?
9
Suppose -d + 2*f + 6 = 0, 2*d + 3*f - 4*f = 6. Suppose 4*p + 242 = -d*c, 5*c - c - 83 = p. Let b = -24 - p. What is the tens digit of b?
3
Let u(j) = -2*j**3 - 14*j**2 - 19*j - 15. What is the tens digit of u(-9)?
8
Let z(n) = n**2 - 12*n + 13. Let h be z(11). Let v be h/(-4)*16/(-2). What is the units digit of (2/v)/(2/4)?
1
Let h = -15 + 13. Let i(b) = -95*b + 1. Let j be i(h). Suppose 4*d - j = -11. What is the tens digit of d?
4
Suppose -12*n + 15577 = -10295. What is the tens digit of n?
5
Let g(x) = 3 - 1 - 1016*x + 1096*x. What is the units digit of g(3)?
2
Let j be 4/8*(-46 + 0). Suppose 0 = -27*b + 23*b + 112. Let z = b + j. What is the units digit of z?
5
Let k = 89 + -82. Suppose -2 = a - k, 5*a = 2*q + 13. What is the units digit of q?
6
Let f be 302/(-18) - 16/72. Let g = 20 + f. Suppose -103 = g*l - 331. What is the units digit of l?
6
Let n be (148/6)/(2/15). Suppose -3*l = -n - 10. What is the units digit of l?
5
Let u = -24 - -34. Let x(r) = -r**2 + 15*r - 8. What is the tens digit of x(u)?
4
Let i(t) = 3*t**2 - 13*t + 34. What is the units digit of i(16)?
4
Let w(q) = -q**2 - 8*q + 1. Let m be w(-8). Let r be (-1)/5 + (-32)/(-10). Suppose r*a = -15, -3*a + 0*a = 4*z - m. What is the units digit of z?
4
Let o(w) = 2*w**2 + 28*w + 150. What is the hundreds digit of o(-15)?
1
Suppose -14*i + 10*i = -32. What is the hundreds digit of (-98)/12 + i - (-3314)/12?
2
Let f(w) = -11 - 76 + 31 + 7*w + 8. What is the tens digit of f(18)?
7
Let x be (-2)/(-13) - (328/26)/4. What is the units digit of (2/6)/(x/(-72))?
8
Let v(y) = 2*y**2 + 0*y - 1 - 4*y + 2 + 6*y. Let s be (-35)/40 - 3/24. What is the units digit of v(s)?
1
Let b be -27 - (0 + (-2 - -3)/(-1)). Let i = 92 - b. 